
3, 23, 227
Let t = 82 + -73. Let m(i) = 3*i**2 - 3*i + 38. Let c be m(t). Suppose 2*k - c = -y - k, y = 2*k + 259. What are the prime factors of y?
257
Let n = -129 + 127. What are the prime factors of (-678)/n*(10 + (-182)/21)?
2, 113
Let h(f) = 4*f + 50. Let z be h(-13). What are the prime factors of (-452)/((z/(-4) - 0)/(-1))?
2, 113
Let l = -5634 - -34867. List the prime factors of l.
23, 31, 41
Let d(r) be the second derivative of -r**5/20 + 5*r**4/6 - 5*r**3/3 + 10*r**2 - 10*r. Let a be d(9). List the prime factors of (a - -1) + 27/(-9).
3
Suppose 5*j - 3*l - 39 = 18, -5 = -5*l. List the prime factors of j.
2, 3
Let u be (-2)/(-9) + 10740/27 + 0. Let o = u + -193. List the prime factors of o.
5, 41
Suppose 0 = -4*r + t - 9, 18*t = -r + 20*t - 18. Suppose -5*w + 555 = 5*o, o + 464 = 4*w - 0*o. Suppose a + r*a = w. What are the prime factors of a?
5, 23
Let u be 3*(8/(-60) - 44/(-5)). Let x(y) = y**2 + 7*y + 21. Let l be x(-11). Let c = l - u. What are the prime factors of c?
3, 13
Suppose -9 = -3*b - 3. Suppose -35*j - 174 = -36*j + 3*z, -3*j - z + 472 = 0. Suppose 3 = -b*k + j. What are the prime factors of k?
2, 3, 13
Let k(c) = -2*c**3 + 2*c**2 + c + 1610. Let y be k(0). Suppose 9*l - 3367 = y. What are the prime factors of l?
7, 79
Let a = 5476 + -5354. Suppose 0 = -6*d + 2*d + 20, -z + 2*d - 4 = 0. Let j = a - z. What are the prime factors of j?
2, 29
Let o = 61 + -22. Let i = o + -36. Suppose -i*s = -66 - 30. What are the prime factors of s?
2
Let c(x) = 2*x + 24. Let z be c(-15). Let k = z + 74. Let f = k - -209. What are the prime factors of f?
277
Suppose -216*k + 8970 = -201*k. List the prime factors of k.
2, 13, 23
Suppose -2*v + 21140 = u, -57*v - 63413 = -3*u - 62*v. List the prime factors of u.
2, 3, 7, 503
Let j(x) = -39*x - 155. Suppose -16*q + 55 = -5*n - 15*q, -25 = 4*n + 3*q. What are the prime factors of j(n)?
5, 47
Suppose -12 = -3*h, 5*h - 11 = 3*x - 3. Suppose -11*p + 12*p - x = 0. Suppose -4*m + 32 + 62 = -2*o, -p*o - 56 = -2*m. What are the prime factors of m?
2, 11
Let f = -175 + 241. Suppose -20006 = 52*x - f*x. What are the prime factors of x?
1429
List the prime factors of (14873 - -2)/7 + 4.
2129
Let v(c) = -c**3 + 22*c**2 + c - 132. Let t be v(22). Suppose 0*b + z = -4*b + 700, -2*z - 862 = -5*b. Let i = b + t. List the prime factors of i.
2
Suppose 3*u - 10*q = -9*q - 2325, 2*u + q + 1555 = 0. Let a = u + 1362. What are the prime factors of a?
2, 293
Let j = 650 - 648. Let z(c) = -c**3 - 3*c**2 - 3*c - 3. Let a be z(-4). Suppose -j*b = q + 2 - a, -2*b + 3*q + 43 = 0. What are the prime factors of b?
2, 7
What are the prime factors of (38/(-6) + 3)*(-917136)/240?
2, 3, 11, 193
Let x(r) = 1227*r + 1. Let f(g) = 4295*g. Let s(i) = 7*f(i) - 25*x(i). List the prime factors of s(-1).
3, 5, 13
Suppose 18 = 3*j, 2*d - 35*j - 67760 = -32*j. List the prime factors of d.
33889
Let x = 13910 - 13546. List the prime factors of x.
2, 7, 13
Let r(q) = 45018*q**2 - 401*q - 403. What are the prime factors of r(-1)?
2, 17, 331
Let i be ((-44)/(-132))/((-2)/(-216)). Suppose -i*o + 34*o + 1540 = 0. List the prime factors of o.
2, 5, 7, 11
Suppose -331436 = -699*z + 680*z. What are the prime factors of z?
2, 7, 89
Let o(j) be the first derivative of -100*j**2 - 6*j + 90. List the prime factors of o(-2).
2, 197
Suppose -7*b + 5*h + 3 = -3*b, b - h - 1 = 0. Suppose 5*q + 20 = -n, -3*q = 4*n - b*q + 42. List the prime factors of (-144)/n + (18/5 - 4).
2, 7
Let a(f) = 18*f**2 + 10*f - 13. Let l(y) = 6*y**3 + y**2 - 2*y + 1. Let k be l(1). List the prime factors of a(k).
5, 139
Suppose 0 = 3*h + 6, 4*h = -4*n + n - 20. Let k be (6/n)/((-3)/10). Suppose -k*v + 3 = -362. What are the prime factors of v?
73
Suppose d + 38 = -46. Let z be 2/(-4)*(10 + d). Let g = z - 9. List the prime factors of g.
2, 7
Let x = 193 - -423. Let q be (x/35)/(2/5). Suppose -3*o + q = 3*h + h, -2*o = 4*h - 24. What are the prime factors of o?
2, 5
Let w = 93 + -95. Let i be (-2 - 60)/(w/5). Suppose 5*x + 6*z = 2*z + 757, -x = -z - i. List the prime factors of x.
3, 17
Let j(f) = -5*f + f + 1 + 4*f - 3*f. Let u be j(-23). List the prime factors of (u - (-2 - 1))*9/3.
3, 73
Let j(s) = 81*s + 2113. Let f be j(-26). Let p(t) = -11 - 5*t - 2*t**2 + 22*t + t**3 - 3*t**2. List the prime factors of p(f).
2, 103
Let w = -28 + 52. Suppose -23*q - 104 = -w*q. Suppose q = -9*x + 13*x. What are the prime factors of x?
2, 13
Let i be (-6)/(-6) - 1 - -3. Suppose 1110 = -0*n + i*n. What are the prime factors of n?
2, 5, 37
What are the prime factors of (-21)/(-3) - 2768/24*1074/(-4)?
2, 17, 911
What are the prime factors of 5155*2 - (-281 - -303)?
2, 643
Let d = 31 + -26. Suppose -15 = -3*w - 4*t + 23, d*t - 40 = -3*w. Suppose -w = 2*v - 54. List the prime factors of v.
2, 11
Suppose 14*k - 90 = 32*k. What are the prime factors of -1 - ((3 - -3) + k) - -573?
571
Let j(x) = x**2 + 27*x - 52. Let p be j(-29). List the prime factors of (-33)/(-22)*2408/p.
2, 7, 43
Let m = 16 + -23. Let z be 4/(-28) + (-1)/m*2766. Suppose -5*b + 130 + z = 0. What are the prime factors of b?
3, 5, 7
Suppose 0 = 49*a + 66*a - 759460. What are the prime factors of a?
2, 13, 127
Let w(h) = h**3 + 15*h**2 + 5*h + 81. Let r be w(-15). Suppose -12*k + r*k = -4626. List the prime factors of k.
3, 257
Let b(t) = 152*t**3 - t**2 + 2*t - 1. Let s(y) = -5*y - 19. Let x be s(-4). List the prime factors of b(x).
2, 19
Let s = 35 - 18. Let v = 357 - s. What are the prime factors of v?
2, 5, 17
Let n = 153 + -150. List the prime factors of (-32)/28*(-21)/n.
2
Let a(m) = m**3 + 12*m**2 - 9*m + 60. Let i be a(-13). Let b(s) = 206*s - 198. What are the prime factors of b(i)?
2, 5, 29
Let z(j) = 476*j**2 - 5*j - 1. Let m be z(-1). Let g = 672 - m. What are the prime factors of g?
2, 3
Suppose 4*s = -5*r + 103698, -42 + 27 = 5*s. List the prime factors of r.
2, 3, 3457
Suppose 3*j - 5*n + 13 = 0, 0 = -2*n - 3*n - 20. Let i = j - -248. Suppose -d + 4*d - i = 0. What are the prime factors of d?
79
Let v(h) = -5*h + 10. Let t be v(1). Suppose 67 = 2*g + 4*d - 9*d, t*g + 5*d - 255 = 0. What are the prime factors of g?
2, 23
Let w(j) = -2314*j + 12063. List the prime factors of w(-17).
7, 1049
Let i(l) = 19*l - 29. Let g(b) = -39*b + 58. Let u(n) = -2*g(n) - 5*i(n). Suppose -13*x - 17 - 58 = 16. List the prime factors of u(x).
2, 37
Suppose u + 45 - 68 = 0. Let k(p) = -u*p - 9 + 16 - 37. What are the prime factors of k(-7)?
131
Suppose 2 = 2*v, 3929 = -3*j - 8*v + 7*v. Let k = -707 - j. List the prime factors of k.
3, 67
Let r(a) = 2*a**2 - 24*a - 17. Let y(k) = -29*k - 154. Let o be y(-5). What are the prime factors of r(o)?
19
Let g(w) = w**2. Let l be ((-24)/10)/(8/(-20)). Let f be g(l). Let t = -32 + f. List the prime factors of t.
2
Let b(l) = 5*l**2 + 18*l + 162. What are the prime factors of b(27)?
3, 53
What are the prime factors of 6/(30 + -6)*(-13980)/(-3)?
5, 233
Let c(a) = -a**3 + 0*a + 21 + 5671*a**2 - 12*a - 5682*a**2. List the prime factors of c(-10).
41
Suppose -a = 4*h - 3525, 0 = -16*h + 17*h - 4*a - 894. Suppose 0 = 12*d - 8466 + h. What are the prime factors of d?
2, 79
Suppose 3*d - z - 45992 = 0, -3*d + 2233*z = 2237*z - 45982. List the prime factors of d.
2, 3, 5, 7, 73
Let a = 49 + -61. Let c(d) = 2*d**2 - 15*d - 154. List the prime factors of c(a).
2, 157
Suppose -264*m + 2*g + 71264 = -262*m, -178070 = -5*m - 5*g. List the prime factors of m.
7, 727
Suppose -48 = 5*y + 22. Let o be (-1623)/(-21) - (-4)/y. Let i = -56 + o. List the prime factors of i.
3, 7
Suppose 29 = 5*y + 4. Suppose q = -y*j + 4910, -5*q + 4*q = -j + 988. Suppose 5*h - 43 + j = 5*i, 3*h - 948 = -5*i. List the prime factors of i.
3, 7
Suppose 0 = 3*p + 34 - 286. Let m(h) = h**2 + 5*h**2 - 5*h**2 + 4 + h + p. What are the prime factors of m(0)?
2, 11
Suppose 29359 = 14*f - 25897 - 114662. List the prime factors of f.
53, 229
Let h be (-12)/5*(5 + -15). Let f be -1 + (-2 - h/(-4)). Suppose 78 + f = 3*v. What are the prime factors of v?
3
Let a = -7100 - -14472. List the prime factors of a.
2, 19, 97
Suppose 10*x = -4*x - 28. What are the prime factors of 6/x + (52 - -2)?
3, 17
Suppose 9*d = -9*d + 167634. What are the prime factors of d?
67, 139
Suppose 49 = 5*s - 16. Suppose 46*c - 12342 = s*c. List the prime factors of 